{"id":785,"date":"2016-01-15T10:06:08","date_gmt":"2016-01-15T10:06:08","guid":{"rendered":"http:\/\/boutiqueapartmentlermoos.com\/wordpress\/?page_id=785"},"modified":"2023-11-12T14:17:47","modified_gmt":"2023-11-12T14:17:47","slug":"ahorn","status":"publish","type":"page","link":"https:\/\/boutiqueapartmentlermoos.com\/de\/ahorn\/","title":{"rendered":"Ahorn &#8211; Deutsch"},"content":{"rendered":"<h1>Ahorn<\/h1>\n<h1>32m2, f\u00fcr bis zu 4 Personen<\/h1>\n<p>Diese Wohnung ist mit einer voll funktionalen Kochecke, Herdplatte, Mikrowelle,\u00a0 Filterkaffeemaschine, Wasserkocher, Toaster und K\u00fcchenutensilien ausgestattet. Im Wohnbereich befindet sich ein komfortables Sofa, Esstisch mit 4 St\u00fchlen und TV mit Satellitenanschluss. Neben einem separaten Schlafzimmer mit einem gem\u00fctlichen 2m langen Bett, kann die Couch im Wohnbereich als zus\u00e4tzliches Sofabett f\u00fcr zwei Personen umgewandelt werden. Das Badezimmer ist mit einer Badewannendusche ausgestattet.<\/p>\n<p>Ahorn bietet eine sch\u00f6ne grosse Terrasse mit Sitzgelegenheiten, damit Sie die frische Alpenluft mit klaren blauem Himmel und wundersch\u00f6ner Bergaussicht sowohl im Sommer als auch im Winter geniessen k\u00f6nnen.<\/p>\n<p>Die Gestaltung dieser Ferienwohnung wurde von den Ahornb\u00e4umen in der Umgebung inspiriert.<\/p>\n<p>Die Ferienwohnungen Ahorn und Birke k\u00f6nnen zu einer gr\u00f6\u00dferen Wohnung verbunden und gemeinsam gebucht werden.<\/p>\n<h3>\n\t\tGef\u00e4llt uns auf TripAdvisor<br \/>\n\t<\/h3>\n<h3>Bereit zu buchen?<\/h3>\n<p>\t<a href=\"http:\/\/web4.deskline.net\/feratelcom\/en\/accommodation\/detail\/ZGS\/48a910eb-4576-4e46-90ef-ec1d310ad81d\/am_sonnenfels?lkRG=TO&#038;lkID=4859c4af-d41a-4c2e-ab59-032b57567dc8\" target=\"_self\" role=\"button\" rel=\"noopener\"><br \/>\n\t\t\t\tBuche Jetzt<br \/>\n\t\t\t<\/a><\/p>\n","protected":false},"excerpt":{"rendered":"<p>Ahorn 32m2, f\u00fcr bis zu 4 Personen Diese Wohnung ist mit einer voll funktionalen Kochecke, Herdplatte, Mikrowelle,\u00a0 Filterkaffeemaschine, Wasserkocher, Toaster und K\u00fcchenutensilien ausgestattet. Im Wohnbereich befindet sich ein komfortables Sofa, Esstisch mit 4 St\u00fchlen und TV mit Satellitenanschluss. Neben einem separaten Schlafzimmer mit einem gem\u00fctlichen 2m langen Bett, kann die Couch im Wohnbereich als zus\u00e4tzliches [&hellip;]<\/p>\n","protected":false},"author":1,"featured_media":0,"parent":0,"menu_order":0,"comment_status":"closed","ping_status":"closed","template":"page_beaver.php","meta":{"_genesis_hide_title":false,"_genesis_hide_breadcrumbs":false,"_genesis_hide_singular_image":false,"_genesis_hide_footer_widgets":false,"_genesis_custom_body_class":"","_genesis_custom_post_class":"","_genesis_layout":"","ngg_post_thumbnail":0,"footnotes":""},"class_list":{"0":"post-785","1":"page","2":"type-page","3":"status-publish","5":"entry"},"_links":{"self":[{"href":"https:\/\/boutiqueapartmentlermoos.com\/de\/wp-json\/wp\/v2\/pages\/785","targetHints":{"allow":["GET"]}}],"collection":[{"href":"https:\/\/boutiqueapartmentlermoos.com\/de\/wp-json\/wp\/v2\/pages"}],"about":[{"href":"https:\/\/boutiqueapartmentlermoos.com\/de\/wp-json\/wp\/v2\/types\/page"}],"author":[{"embeddable":true,"href":"https:\/\/boutiqueapartmentlermoos.com\/de\/wp-json\/wp\/v2\/users\/1"}],"replies":[{"embeddable":true,"href":"https:\/\/boutiqueapartmentlermoos.com\/de\/wp-json\/wp\/v2\/comments?post=785"}],"version-history":[{"count":29,"href":"https:\/\/boutiqueapartmentlermoos.com\/de\/wp-json\/wp\/v2\/pages\/785\/revisions"}],"predecessor-version":[{"id":1441,"href":"https:\/\/boutiqueapartmentlermoos.com\/de\/wp-json\/wp\/v2\/pages\/785\/revisions\/1441"}],"wp:attachment":[{"href":"https:\/\/boutiqueapartmentlermoos.com\/de\/wp-json\/wp\/v2\/media?parent=785"}],"curies":[{"name":"wp","href":"https:\/\/api.w.org\/{rel}","templated":true}]}}

<h1>Ahorn</h1>
<h1>32m2, für bis zu 4 Personen</h1>
<p>Diese Wohnung ist mit einer voll funktionalen Kochecke, Herdplatte, Mikrowelle,  Filterkaffeemaschine, Wasserkocher, Toaster und Küchenutensilien ausgestattet. Im Wohnbereich befindet sich ein komfortables Sofa, Esstisch mit 4 Stühlen und TV mit Satellitenanschluss. Neben einem separaten Schlafzimmer mit einem gemütlichen 2m langen Bett, kann die Couch im Wohnbereich als zusätzliches Sofabett für zwei Personen umgewandelt werden. Das Badezimmer ist mit einer Badewannendusche ausgestattet.</p>
<p>Ahorn bietet eine schöne grosse Terrasse mit Sitzgelegenheiten, damit Sie die frische Alpenluft mit klaren blauem Himmel und wunderschöner Bergaussicht sowohl im Sommer als auch im Winter geniessen können.</p>
<p>Die Gestaltung dieser Ferienwohnung wurde von den Ahornbäumen in der Umgebung inspiriert.</p>
<p>Die Ferienwohnungen Ahorn und Birke können zu einer größeren Wohnung verbunden und gemeinsam gebucht werden.</p>
<h3>
		Gefällt uns auf TripAdvisor<br />
	</h3>
<h3>Bereit zu buchen?</h3>
<p>	<a href="http://web4.deskline.net/feratelcom/en/accommodation/detail/ZGS/48a910eb-4576-4e46-90ef-ec1d310ad81d/am_sonnenfels?lkRG=TO&#038;lkID=4859c4af-d41a-4c2e-ab59-032b57567dc8" target="_self" role="button" rel="noopener"><br />
				Buche Jetzt<br />
			</a></p>

<p>Ahorn 32m2, für bis zu 4 Personen Diese Wohnung ist mit einer voll funktionalen Kochecke, Herdplatte, Mikrowelle,  Filterkaffeemaschine, Wasserkocher, Toaster und Küchenutensilien ausgestattet. Im Wohnbereich befindet sich ein komfortables Sofa, Esstisch mit 4 Stühlen und TV mit Satellitenanschluss. Neben einem separaten Schlafzimmer mit einem gemütlichen 2m langen Bett, kann die Couch im Wohnbereich als zusätzliches [&hellip;]</p>
